5 is divided by 13?
10
Calculate the remainder when 1023 is divided by 5.
3
What is the remainder when 1550 is divided by 62?
0
Calculate the remainder when 10148 is divided by 18.
14
Calculate the remainder when 192 is divided by 39.
36
Calculate the remainder when 43 is divided by 14.
1
What is the remainder when 31512 is divided by 14?
12
Calculate the remainder when 2708 is divided by 2708.
0
What is the remainder when 59 is divided by 23?
13
What is the remainder when 183 is divided by 19?
12
Calculate the remainder when 62 is divided by 13.
10
What is the remainder when 1850 is divided by 67?
41
Calculate the remainder when 380 is divided by 77.
72
Calculate the remainder when 1348 is divided by 90.
88
What is the remainder when 93 is divided by 5?
3
What is the remainder when 367 is divided by 100?
67
Calculate the remainder when 671 is divided by 34.
25
Calculate the remainder when 111 is divided by 20.
11
Calculate the remainder when 174 is divided by 25.
24
What is the remainder when 708 is divided by 37?
5
What is the remainder when 4987 is divided by 1659?
10
Calculate the remainder when 399 is divided by 80.
79
Calculate the remainder when 1299 is divided by 50.
49
Calculate the remainder when 139 is divided by 60.
19
Calculate the remainder when 383 is divided by 133.
117
Calculate the remainder when 1736 is divided by 103.
88
What is the remainder when 2576 is divided by 1281?
14
What is the remainder when 37 is divided by 8?
5
What is the remainder when 1536 is divided by 1535?
1
Calculate the remainder when 9910 is divided by 3301.
7
Calculate the remainder when 7129 is divided by 223.
216
What is the remainder when 316 is divided by 190?
126
What is the remainder when 429 is divided by 10?
9
What is the remainder when 379 is divided by 10?
9
Calculate the remainder when 22947 is divided by 270.
267
What is the remainder when 1410 is divided by 61?
7
What is the remainder when 94 is divided by 12?
10
Calculate the remainder when 271 is divided by 13.
11
Calculate the remainder when 469 is divided by 29.
5
Calculate the remainder when 758 is divided by 19.
17
What is the remainder when 1007 is divided by 90?
17
What is the remainder when 1055 is divided by 118?
111
What is the remainder when 11419 is divided by 6?
1
What is the remainder when 476 is divided by 155?
11
Calculate the remainder when 1128 is divided by 5.
3
What is the remainder when 9540 is divided by 7?
6
What is the remainder when 121 is divided by 19?
7
What is the remainder when 56 is divided by 17?
5
Calculate the remainder when 99 is divided by 10.
9
Calculate the remainder when 60 is divided by 4.
0
What is the remainder when 179 is divided by 20?
19
Calculate the remainder when 903 is divided by 54.
39
Calculate the remainder when 41 is divided by 11.
8
Calculate the remainder when 564 is divided by 5.
4
What is the remainder when 51 is divided by 38?
13
What is the remainder when 97 is divided by 20?
17
Calculate the remainder when 2234 is divided by 743.
5
What is the remainder when 3362 is divided by 1681?
0
Calculate the remainder when 270 is divided by 53.
5
Calculate the remainder when 345 is divided by 58.
55
Calculate the remainder when 176 is divided by 45.
41
What is the remainder when 52 is divided by 28?
24
Calculate the remainder when 478 is divided by 37.
34
Calculate the remainder when 1436 is divided by 207.
194
Calculate the remainder when 1165 is divided by 73.
70
Calculate the remainder when 214 is divided by 79.
56
What is the remainder when 48 is divided by 17?
14
What is the remainder when 150 is divided by 9?
6
Calculate the remainder when 415 is divided by 26.
25
What is the remainder when 2564 is divided by 95?
94
Calculate the remainder when 2766 is divided by 173.
171
What is the remainder when 229 is divided by 17?
8
Calculate the remainder when 269 is divided by 40.
29
Calculate the remainder when 288 is divided by 75.
63
What is the remainder when 265 is divided by 6?
1
Calculate the remainder when 6230 is divided by 76.
74
What is the remainder when 2779 is divided by 13?
10
What is the remainder when 972 is divided by 13?
10
What is the remainder when 652 is divided by 16?
12
Calculate the remainder when 2162 is divided by 5.
2
Calculate the remainder when 1010 is divided by 46.
44
What is the remainder when 23804 is divided by 32?
28
Calculate the remainder when 185 is divided by 55.
20
What is the remainder when 496 is divided by 139?
79
Calculate the remainder when 5604 is divided by 2797.
10
What is the remainder when 558 is divided by 108?
18
Calculate the remainder when 22427 is divided by 178.
177
What is the remainder when 80 is divided by 43?
37
What is the remainder when 1886 is divided by 63?
59
What is the remainder when 83 is divided by 34?
15
Calculate the remainder when 1010 is divided by 348.
314
Calculate the remainder when 480 is divided by 145.
45
Calculate the remainder when 80 is divided by 50.
30
What is the remainder when 42 is divided by 24?
18
What is the remainder when 245 is divided by 31?
28
What is the remainder when 1588 is divided by 109?
62
Calculate the remainder when 779 is divided by 60.
59
What is the remainder when 24 is divided by 18?
6
What is the remainder when 284 is divided by 8?
4
Calculate the remainder when 13 is divided by 4.
1
Calculate the remainder when 40 is divided by 30.
10
What is the remainder when 188 is divided by 29?
14
Calculate the remainder when 1068 is divided by 21.
18
Calculate the remainder when 642 is divided by 129.
126
Calculate the remainder when 1944 is divided by 7.
5
Calculate the remainder when 66 is divided by 21.
3
What is the remainder when 1047 is divided by 175?
172
Calculate the remainder when 398 is divided by 40.
38
Calculate the remainder when 27736 is divided by 46.
44
Calculate the remainder when 890 is divided by 28.
22
What is the remainder when 705 is divided by 74?
39
What is the remainder when 1501 is divided by 125?
1
Calculate the remainder when 4483 is divided by 1120.
3
Calculate the remainder when 540 is divided by 92.
80
Calculate the remainder when 487 is divided by 15.
7
Calculate the remainder when 236 is divided by 97.
42
What is the remainder when 76 is divided by 21?
13
Calculate the remainder when 82 is divided by 28.
26
Calculate the remainder when 240 is divided by 115.
10
What is the remainder when 601 is divided by 4?
1
Calculate the remainder when 89 is divided by 5.
4
Calculate the remainder when 34 is divided by 1.
0
What is the remainder when 123 is divided by 21?
18
What is the remainder when 641 is divided by 55?
36
Calculate the remainder when 5554 is divided by 326.
12
Calculate the remainder when 1238 is divided by 48.
38
Calculate the remainder when 776 is divided by 16.
8
Calculate the remainder when 253 is divided by 45.
28
Calculate the remainder when 1354 is divided by 97.
93
What is the remainder when 1896 is divided by 189?
6
Calculate the remainder when 527 is divided by 172.
11
Calculate the remainder when 52 is divided by 21.
10
Calculate the remainder when 172 is divided by 43.
0
Calculate the remainder when 957 is divided by 8.
5
What is the remainder when 206 is divided by 6?
2
What is the remainder when 265 is divided by 87?
4
What is the remainder when 3789 is divided by 79?
76
Calculate the remainder when 702 is divided by 344.
14
Calculate the remainder when 604 is divided by 61.
55
Calculate the remainder when 138 is divided by 53.
32
Calculate the remainder when 811 is divided by 12.
7
What is the remainder when 426 is divided by 94?
50
Calculate the remainder when 2381 is divided by 9.
5
What is the remainder when 915 is divided by 34?
31
Calculate the remainder when 583 is divided by 73.
72
Calculate the remainder when 1018 is divided by 248.
26
What is the remainder when 141 is divided by 41?
18
Calculate the remainder when 2728 is divided by 195.
193
Calculate the remainder when 3956 is divided by 15.
11
What is the remainder when 457 is divided by 47?
34
What is the remainder when 57 is divided by 21?
15
What is the remainder when 7881 is divided by 73?
70
What is the remainder when 1751 is divided by 102?
17
What is the remainder when 1358 is divided by 68?
66
What is the remainder w